{"id":80,"date":"2024-03-29T19:59:20","date_gmt":"2024-03-29T18:59:20","guid":{"rendered":"https:\/\/craa.fr\/?page_id=80"},"modified":"2024-07-30T18:44:43","modified_gmt":"2024-07-30T16:44:43","slug":"lassociation","status":"publish","type":"page","link":"https:\/\/craa.fr\/index.php\/lassociation\/","title":{"rendered":"L&rsquo;Histoire de l&rsquo;association"},"content":{"rendered":"\n<p><\/p>\n\n\n\n<h1 class=\"wp-block-heading alignwide has-large-font-size\">\u2022 Le Centre  : Une \u00c9volution de 30 Ans<\/h1>\n\n\n\n<p style=\"font-size:15px\"><\/p>\n\n\n\n<div class=\"wp-block-columns alignwide is-layout-flex wp-container-core-columns-is-layout-9d6595d7 wp-block-columns-is-layout-flex\">\n<div class=\"wp-block-column is-layout-flow wp-block-column-is-layout-flow\" style=\"flex-basis:100%\">\n<p style=\"font-size:15px\">\u00c9tabli en 1989, le Centre Arch\u00e9ologique D\u00e9partemental est n\u00e9 du d\u00e9sir du Service R\u00e9gional de l\u2019Arch\u00e9ologie (SRA) d&rsquo;harmoniser l&rsquo;arch\u00e9ologie au niveau d\u00e9partemental. Ce centre fournit aux arch\u00e9ologues, qu&rsquo;ils soient amateurs ou professionnels, les ressources n\u00e9cessaires pour le travail et le stockage des objets d\u00e9couverts. En 35 ans d&rsquo;existence, il s&rsquo;est impos\u00e9 comme un pilier du d\u00e9veloppement arch\u00e9ologique dans le d\u00e9partement.<\/p>\n\n\n\n<p>D\u00e8s sa cr\u00e9ation, le Centre a \u00e9t\u00e9 g\u00e9r\u00e9 par le Centre de Recherches Arch\u00e9ologiques d\u2019Aiguillon (CRAA), une association loi 1901, sous la supervision du SRA, une entit\u00e9 scientifique relevant de la Direction R\u00e9gionale des Affaires Culturelles (DRAC). Au fil des ann\u00e9es, d&rsquo;importants investissements ont \u00e9t\u00e9 r\u00e9alis\u00e9s par le SRA et le Conseil G\u00e9n\u00e9ral de Lot-et-Garonne pour am\u00e9liorer les infrastructures de stockage du centre. Celui-ci a r\u00e9ussi \u00e0 relever le d\u00e9fi de g\u00e9rer, stocker et archiver trois d\u00e9cennies de d\u00e9couvertes arch\u00e9ologiques tout en traitant les mat\u00e9riaux provenant des fouilles r\u00e9centes, tout en tenant compte des avanc\u00e9es modernes de l\u2019arch\u00e9ologie et de ses exigences scientifiques.<\/p>\n\n\n\n<p>Le public est souvent inform\u00e9 des d\u00e9couvertes sur le terrain, mais la destin\u00e9e des objets issus de ces fouilles est rarement connue. De nombreux artefacts se sont perdus faute de moyens pour garantir leur conservation. Les d\u00e9gradations des objets m\u00e9talliques, des peintures murales, des ossements et des marbres, ainsi que la difficult\u00e9 de reconstituer les c\u00e9ramiques \u00e0 partir des tessons, ont entra\u00een\u00e9 une perte irr\u00e9versible de patrimoine scientifique et culturel.<\/p>\n\n\n\n<p>Pour rem\u00e9dier \u00e0 cette situation, le Centre Arch\u00e9ologique D\u00e9partemental d&rsquo;Aiguillon a d\u00e9velopp\u00e9 un laboratoire de restauration capable de prendre en charge toutes les \u00e9tapes de la conservation des objets arch\u00e9ologiques. En plus de sa fonction de stockage, le centre se consacre d\u00e9sormais \u00e0 la conservation et \u00e0 la restauration des artefacts en vue de leur pr\u00e9sentation au public.<\/p>\n\n\n\n<p style=\"font-size:15px\">Actuellement, le CRAA compte une vingtaine de b\u00e9n\u00e9voles passionn\u00e9s qui se consacrent \u00e0 la pr\u00e9servation et \u00e0 la mise en valeur des objets arch\u00e9ologiques. Ils organisent r\u00e9guli\u00e8rement des journ\u00e9es de l\u2019arch\u00e9ologie, avec des animations, des f\u00eates m\u00e9di\u00e9vales, des m\u00e9diations, des expositions et des conf\u00e9rences, pour partager leur passion avec le grand public.<\/p>\n<\/div>\n<\/div>\n\n\n\n<p class=\"has-text-align-left\" style=\"font-size:15px\"><\/p>\n\n\n\n<p class=\"has-text-align-left\"><\/p>\n","protected":false},"excerpt":{"rendered":"<p>\u2022 Le Centre : Une \u00c9volution de 30 Ans \u00c9tabli en 1989, le Centre Arch\u00e9ologique D\u00e9partemental est n\u00e9 du d\u00e9sir du Service R\u00e9gional de l\u2019Arch\u00e9ologie (SRA) d&rsquo;harmoniser l&rsquo;arch\u00e9ologie au niveau d\u00e9partemental. Ce centre fournit aux arch\u00e9ologues, qu&rsquo;ils soient amateurs ou professionnels, les ressources n\u00e9cessaires pour le travail et le stockage [&hellip;]<\/p>\n","protected":false},"author":2,"featured_media":0,"parent":0,"menu_order":0,"comment_status":"closed","ping_status":"closed","template":"","meta":{"footnotes":""},"class_list":["post-80","page","type-page","status-publish","hentry"],"_links":{"self":[{"href":"https:\/\/craa.fr\/index.php\/wp-json\/wp\/v2\/pages\/80","targetHints":{"allow":["GET"]}}],"collection":[{"href":"https:\/\/craa.fr\/index.php\/wp-json\/wp\/v2\/pages"}],"about":[{"href":"https:\/\/craa.fr\/index.php\/wp-json\/wp\/v2\/types\/page"}],"author":[{"embeddable":true,"href":"https:\/\/craa.fr\/index.php\/wp-json\/wp\/v2\/users\/2"}],"replies":[{"embeddable":true,"href":"https:\/\/craa.fr\/index.php\/wp-json\/wp\/v2\/comments?post=80"}],"version-history":[{"count":8,"href":"https:\/\/craa.fr\/index.php\/wp-json\/wp\/v2\/pages\/80\/revisions"}],"predecessor-version":[{"id":677,"href":"https:\/\/craa.fr\/index.php\/wp-json\/wp\/v2\/pages\/80\/revisions\/677"}],"wp:attachment":[{"href":"https:\/\/craa.fr\/index.php\/wp-json\/wp\/v2\/media?parent=80"}],"curies":[{"name":"wp","href":"https:\/\/api.w.org\/{rel}","templated":true}]}}